ase 2, what is -1100001000 + 1111100?
-1010001100
In base 5, what is 1442300 - 3?
1442242
In base 14, what is -a + 7b5?
7a9
In base 7, what is -3005 + -4?
-3012
In base 13, what is -1c34b - 23?
-1c371
In base 11, what is 201 + 35?
236
In base 11, what is -3488 + -531?
-3a09
In base 8, what is -6522271 - -3?
-6522266
In base 8, what is -1 - 1336721?
-1336722
In base 5, what is 310 - -342242?
343102
In base 5, what is -1444 + -1142?
-3141
In base 16, what is -46 + -6086?
-60cc
In base 2, what is 1110 - -1001011000011110?
1001011000101100
In base 16, what is -13 - 1567?
-157a
In base 5, what is 111430342 - -2?
111430344
In base 14, what is 16540 - -1?
16541
In base 3, what is -102111002 - -2202?
-102101100
In base 11, what is -515 + 405?
-110
In base 2, what is 110000001001101101 - -10001?
110000001001111110
In base 15, what is c3777 - -2?
c3779
In base 5, what is -1023332 - 4?
-1023341
In base 11, what is 510738 + 0?
510738
In base 6, what is 141 - -32330?
32511
In base 6, what is -52320130 - 5?
-52320135
In base 3, what is 10 - 120202210?
-120202200
In base 12, what is 2 + -91830?
-9182a
In base 3, what is -2002212 - 10?
-2002222
In base 9, what is 20 - -6318?
6338
In base 9, what is 1856637 - 0?
1856637
In base 15, what is -3 - -1257?
1254
In base 5, what is -240 + -13241?
-14031
In base 5, what is 12044 + -311?
11233
In base 10, what is -1203 + 89?
-1114
In base 3, what is -10001212 + -120222?
-10122211
In base 2, what is -11001 - -1111110110010111?
1111110101111110
In base 5, what is -432 - 133123?
-134110
In base 9, what is -1475072 - -5?
-1475066
In base 12, what is -122 + 6bb0?
6a8a
In base 10, what is 6291 - 35?
6256
In base 3, what is -110 - 1010211?
-1011021
In base 3, what is 20200202211 - 101?
20200202110
In base 9, what is 3 + -64348?
-64345
In base 9, what is 7 + 53458?
53466
In base 10, what is -4 - -3594?
3590
In base 13, what is 7 - a3b?
-a34
In base 2, what is -111101 - 11011001011?
-11100001000
In base 5, what is 433333214 - -2?
433333221
In base 13, what is -7 - -764c2?
764b8
In base 7, what is 4 - -150005?
150012
In base 8, what is 22 - -157?
201
In base 13, what is -3 - 572c8?
-572cb
In base 11, what is 0 + -1225705?
-1225705
In base 9, what is -6 - 63804?
-63811
In base 3, what is 101 - -100101012?
100101120
In base 16, what is 3 - 5dd12?
-5dd0f
In base 2, what is -1 - 1001010000010000?
-1001010000010001
In base 12, what is 6 + 50a7?
50b1
In base 11, what is -25a74 + 2?
-25a72
In base 5, what is -1 + 1130021?
1130020
In base 10, what is -2 - 84010?
-84012
In base 15, what is 10ea + 121?
121b
In base 15, what is -21c - 45?
-262
In base 5, what is -3300223 - -4?
-3300214
In base 15, what is 1e - -83?
a2
In base 15, what is -3 + 18168?
18165
In base 13, what is -49 - -4ab7?
4a6b
In base 11, what is -11 + -956?
-967
In base 15, what is -4 - -41?
3c
In base 6, what is 32252 - 24?
32224
In base 6, what is 110335 + -504?
105431
In base 8, what is 5627 + -14?
5613
In base 4, what is -1022 - -1202312?
1201230
In base 5, what is 10423400 + -22?
10423323
In base 16, what is -10ada7 + -1?
-10ada8
In base 8, what is 3052 + 102?
3154
In base 7, what is -553311 + -101?
-553412
In base 13, what is 6876 + 1c?
6895
In base 5, what is 42414 - 31?
42333
In base 12, what is 5 + 1461a?
14623
In base 9, what is 5 + 7554?
7560
In base 12, what is -1 - 12250?
-12251
In base 3, what is -221100 - 10202?
-1002002
In base 9, what is 404 + -16302?
-15787
In base 16, what is -5622 - 4?
-5626
In base 11, what is -10150 - -2?
-10149
In base 3, what is 22212011 - -11122?
100000210
In base 9, what is 24 - -10857?
10882
In base 16, what is -4 + -831?
-835
In base 14, what is 140c6 + -4?
140c2
In base 4, what is 12330011 - -1032?
12331103
In base 9, what is -3 - -5737?
5734
In base 11, what is 5 - 6a6376?
-6a6371
In base 12, what is a0b - -147?
b56
In base 12, what is -85321 + 3?
-8531a
In base 10, what is 2977650 + 4?
2977654
In base 10, what is -666843 - 4?
-666847
In base 3, what is -221 - 10210112100?
-10210120021
In base 13, what is a3 + -3b5?
-312
In base 11, what is 10 + 1a15?
1a25
In base 4, what is 0 - -20113201?
20113201
In base 13, what is 1164c4 + -5?
1164bc
In base 8, what is 1231 - 24?
1205
In base 7, what is -1554225 - 4?
-1554232
In base 3, what is -12111 - 1100000220?
-1100020101
In base 3, what is -211 - 21?
-1002
In base 14, what is 1a292 + 0?
1a292
In base 2, what is -10110110001011 + -11?
-10110110001110
In base 7, what is 326444 + 0?
326444
In base 9, what is 6 - -1616?
1623
In base 6, what is 23553313 + 5?
23553322
In base 10, what is 95 - 762?
-667
In base 12, what is -4 + 1b5560?
1b5558
In base 9, what is -60 + 137?
67
In base 11, what is 14178 - 0?
14178
In base 8, what is -133 - -1?
-132
In base 14, what is -576 + -55?
-5cb
In base 6, what is -5 - -31423555?
31423550
In base 8, what is -37250 - -10?
-37240
In base 10, what is -1 + 11490?
11489
In base 3, what is 0 + -220110220?
-220110220
In base 14, what is 6310 - b?
6303
In base 13, what is -5 + -359a9b?
-359aa3
In base 16, what is -31b05 + -2?
-31b07
In base 10, what is 12 - 1037?
-1025
In base 3, what is -1 - 2102011221012?
-2102011221020
In base 10, what is 89630 - 2?
89628
In base 12, what is -2b2 + 632?
340
In base 16, what is -11 - 61?
-72
In base 6, what is 20014 - 202?
15412
In base 4, what is -2 - 1013010002?
-1013010010
In base 16, what is -7d + -25?
-a2
In base 15, what is ae56 + 2?
ae58
In base 12, what is 9 - -a6b?
a78
In base 13, what is 14 + -6b6?
-6a2
In base 6, what is -33414 + 15?
-33355
In base 8, what is 312 + 1225?
1537
In base 5, what is -1 + -41241202?
-41241203
In base 6, what is 315121 + -1?
315120
In base 8, what is -1662 + -522?
-2404
In base 10, what is -670 - 4?
-674
In base 14, what is b + 737?
744
In base 12, what is 3034a - -1?
3034b
In base 3, what is -10 + -120210210?
-120210220
In base 7, what is -152016 + 3?
-152013
In base 12, what is -4 - b378?
-b380
In base 11, what is 597 + -63?
534
In base 16, what is -1bbc - 2a?
-1be6
In base 14, what is -1 + 6504b?
6504a
In base 3, what is 2 + 210011121100?
210011121102
In base 9, what is 1 + 1855263?
1855264
In base 14, what is 1 + -1b348?
-1b347
In base 16, what is 4 - -2c934?
2c938
In base 11, what is -653a8 - -2?
-653a6
In base 10, what is -18501 + 0?
-18501
In base 10, what is -2 - -90365?
90363
In base 4, what is -21103103 + -3?
-21103112
In base 3, what is -2110021202 + 10?
-2110021122
In base 5, what is -21 - 12021?
-12042
In base 3, what is 12 - -1121001010?
1121001022
In base 16, what is 4 + bb5?
bb9
In base 4, what is -2 - -31302221?
31302213
In base 5, what is 4100 - 20420?
-11320
In base 12, what is -2 + -19a182?
-19a184
In base 14, what is 39438a - -1?
39438b
In base 10, what is -24 + -2406?
-2430
In base 10, what is 129569 + -1?
129568
In base 4, what is 1020202 + -11?
1020131
In base 15, what is 961436 + -4?
961432
In base 3, what is -12112 - -101202?
12020
In base 9, what is -64404 + 15?
-64378
In base 3, what is 1 + 121222221121?
121222221122
In base 12, what is -183 - -701?
53a
In base 3, what is -1021101 + 200202?
-120122
In base 10, what is 16736 - -10?
16746
In base 2, what is -11101101110011 + -101?
-11101101111000
In base 15, what is -1451b + 5?
-14516
In base 7, what is -24 - -11242?
11215
In base 16, what is -2bf8c9 + -1?
-2bf8ca
In base 16, what is 0 + 8f96?
8f96
In base 16, what is -5 + 41c16?
41c11
In base 4, what is -1231200 + 21220?
-1203320
In base 13, what is -4b17c + -5?
-4b184
In base 2, what is -10011 + 1100011100?
1100001001
In base 14, what is 14441 + b?
1444c
In base 6, what is -541302 + 5?
-541253
In base 12, what is 366 + 14?
37a
In base 11, what is 16 - -2879?
2894
In base 2, what is -101101100110100011100 + 10?
-101101100110100011010
In base 16, what is -b671f - -5?
-b671a
In base 12, what is -3b + -46?
-85
In base 15, what is -962d5 - 1?
-962d6
In base 14, what is -57694 - 5?
-57699
In base 15, what is -16a - -4c?
-11d
In base 3, what is -20011 + 2000122?
1210111
In base 10, what is 35 - 1033?
-998
In base 10, what is -113 - -1104?
991
In base 4, what is 101 + 1123?
1230
In base 7, what is 123 - -5456?
5612
In base 7, what is 3 - -26066?
26102
In base 14, what is -737 - -53?
-6c4
In base 4, what is 1013 - -1331110?
1332123
In base 8, what is -20070505 - 0?
